{"id":210,"date":"2020-12-15T11:34:16","date_gmt":"2020-12-15T10:34:16","guid":{"rendered":"https:\/\/lauredrevet-at.fr\/?page_id=210"},"modified":"2023-10-13T10:24:13","modified_gmt":"2023-10-13T08:24:13","slug":"contact","status":"publish","type":"page","link":"https:\/\/lauredrevet-at.fr\/?page_id=210","title":{"rendered":"Contact"},"content":{"rendered":"\n<div class=\"wp-block-columns is-layout-flex wp-container-core-columns-is-layout-9d6595d7 wp-block-columns-is-layout-flex\">\n<div class=\"wp-block-column is-layout-flow wp-block-column-is-layout-flow\" style=\"flex-basis:66.66%\">\n<p>J&rsquo;exerce dans les institutions ou en lib\u00e9ral sur les secteurs de la Bi\u00e8vre et du Pays voironnais. Des s\u00e9ances d&rsquo;Art-th\u00e9rapie \u00e0 domicile sont possibles sur ces secteurs. <br>Pour les autres secteurs en Is\u00e8re, adressez-moi votre demande, elle sera \u00e9tudi\u00e9e, ou relay\u00e9e \u00e0 des art-th\u00e9rapeutes du secteur.<\/p>\n<\/div>\n\n\n\n<div class=\"wp-block-column is-layout-flow wp-block-column-is-layout-flow\" style=\"flex-basis:33.33%\">\n<p class=\"has-text-align-center has-text-color has-background has-medium-font-size\" style=\"color:#3b3b3b;background-color:#e3e3ff\"><strong>Laure DREVET<\/strong><br><em>Art-th\u00e9rapeute <\/em><br><strong>06 89 29 41 77<\/strong><br><\/p>\n<\/div>\n<\/div>\n\n\n<div class=\"wp-block-jetpack-contact-form is-layout-flex wp-container-jetpack-contact-form-is-layout-faa3ad1c wp-block-jetpack-contact-form-is-layout-flex\"><a href=\"https:\/\/lauredrevet-at.fr\/?page_id=210\" target=\"_blank\" rel=\"noopener noreferrer\">Soumettre un formulaire.<\/a><\/div>\n\n\n<blockquote class=\"wp-block-quote is-style-default is-layout-flow wp-block-quote-is-layout-flow\">\n<p>La beaut\u00e9 seule nous donnerait cette audace de devenir un peu un autre. Un peu: oui, le temps simplement du plaisir esth\u00e9tique. Mais cela n\u2019emp\u00eache pas d\u2019en sortir chang\u00e9s, grandis peut-\u00eatre, en tout cas&nbsp;<em>agrandis<\/em>.<\/p>\n<cite>Charles PEPIN. \u00ab&nbsp;Quand la beaut\u00e9 nous sauve&nbsp;\u00bb<\/cite><\/blockquote>\n\n\n\n<figure class=\"wp-block-image alignwide size-large\"><img loading=\"lazy\" decoding=\"async\" width=\"1024\" height=\"455\" src=\"https:\/\/lauredrevet-at.fr\/wp-content\/uploads\/2020\/12\/Page-ACCUEIL-danse_silhouette_corps_scene-RECADRE-1024x455.jpg\" alt=\"\" class=\"wp-image-286\" srcset=\"https:\/\/lauredrevet-at.fr\/wp-content\/uploads\/2020\/12\/Page-ACCUEIL-danse_silhouette_corps_scene-RECADRE-1024x455.jpg 1024w, https:\/\/lauredrevet-at.fr\/wp-content\/uploads\/2020\/12\/Page-ACCUEIL-danse_silhouette_corps_scene-RECADRE-300x133.jpg 300w, https:\/\/lauredrevet-at.fr\/wp-content\/uploads\/2020\/12\/Page-ACCUEIL-danse_silhouette_corps_scene-RECADRE-768x341.jpg 768w, https:\/\/lauredrevet-at.fr\/wp-content\/uploads\/2020\/12\/Page-ACCUEIL-danse_silhouette_corps_scene-RECADRE-1536x683.jpg 1536w, https:\/\/lauredrevet-at.fr\/wp-content\/uploads\/2020\/12\/Page-ACCUEIL-danse_silhouette_corps_scene-RECADRE.jpg 1800w\" sizes=\"auto, (max-width: 1024px) 100vw, 1024px\" \/><\/figure>\n","protected":false},"excerpt":{"rendered":"<p>J&rsquo;exerce dans les institutions ou en lib\u00e9ral sur les secteurs de la Bi\u00e8vre et du Pays voironnais. Des s\u00e9ances d&rsquo;Art-th\u00e9rapie&#8230;<\/p>\n","protected":false},"author":1,"featured_media":0,"parent":0,"menu_order":0,"comment_status":"closed","ping_status":"closed","template":"","meta":{"footnotes":""},"class_list":["post-210","page","type-page","status-publish","hentry"],"jetpack_sharing_enabled":true,"_links":{"self":[{"href":"https:\/\/lauredrevet-at.fr\/index.php?rest_route=\/wp\/v2\/pages\/210","targetHints":{"allow":["GET"]}}],"collection":[{"href":"https:\/\/lauredrevet-at.fr\/index.php?rest_route=\/wp\/v2\/pages"}],"about":[{"href":"https:\/\/lauredrevet-at.fr\/index.php?rest_route=\/wp\/v2\/types\/page"}],"author":[{"embeddable":true,"href":"https:\/\/lauredrevet-at.fr\/index.php?rest_route=\/wp\/v2\/users\/1"}],"replies":[{"embeddable":true,"href":"https:\/\/lauredrevet-at.fr\/index.php?rest_route=%2Fwp%2Fv2%2Fcomments&post=210"}],"version-history":[{"count":41,"href":"https:\/\/lauredrevet-at.fr\/index.php?rest_route=\/wp\/v2\/pages\/210\/revisions"}],"predecessor-version":[{"id":1015,"href":"https:\/\/lauredrevet-at.fr\/index.php?rest_route=\/wp\/v2\/pages\/210\/revisions\/1015"}],"wp:attachment":[{"href":"https:\/\/lauredrevet-at.fr\/index.php?rest_route=%2Fwp%2Fv2%2Fmedia&parent=210"}],"curies":[{"name":"wp","href":"https:\/\/api.w.org\/{rel}","templated":true}]}}