{"id":58,"date":"2020-11-24T13:01:00","date_gmt":"2020-11-24T12:01:00","guid":{"rendered":"https:\/\/lauredrevet-at.fr\/?page_id=58"},"modified":"2024-08-22T09:32:33","modified_gmt":"2024-08-22T07:32:33","slug":"lart-therapie","status":"publish","type":"page","link":"https:\/\/lauredrevet-at.fr\/?page_id=58","title":{"rendered":"L&rsquo;Art-th\u00e9rapie"},"content":{"rendered":"\n<div class=\"wp-block-cover alignwide is-position-center-center\" style=\"min-height:375px;aspect-ratio:unset;\"><span aria-hidden=\"true\" class=\"wp-block-cover__background has-background-dim-20 has-background-dim\"><\/span><img loading=\"lazy\" decoding=\"async\" width=\"1800\" height=\"800\" class=\"wp-block-cover__image-background wp-image-258\" alt=\"\" src=\"https:\/\/lauredrevet-at.fr\/wp-content\/uploads\/2020\/12\/Page-Art-therapie-relation-parent-enfant-danse-contact-corps-communication-bien-e\u0302tre-animation-art-Bie\u0300vre-Isere.jpg\" style=\"object-position:40% 26%\" data-object-fit=\"cover\" data-object-position=\"40% 26%\" srcset=\"https:\/\/lauredrevet-at.fr\/wp-content\/uploads\/2020\/12\/Page-Art-therapie-relation-parent-enfant-danse-contact-corps-communication-bien-e\u0302tre-animation-art-Bie\u0300vre-Isere.jpg 1800w, https:\/\/lauredrevet-at.fr\/wp-content\/uploads\/2020\/12\/Page-Art-therapie-relation-parent-enfant-danse-contact-corps-communication-bien-e\u0302tre-animation-art-Bie\u0300vre-Isere-300x133.jpg 300w, https:\/\/lauredrevet-at.fr\/wp-content\/uploads\/2020\/12\/Page-Art-therapie-relation-parent-enfant-danse-contact-corps-communication-bien-e\u0302tre-animation-art-Bie\u0300vre-Isere-1024x455.jpg 1024w, https:\/\/lauredrevet-at.fr\/wp-content\/uploads\/2020\/12\/Page-Art-therapie-relation-parent-enfant-danse-contact-corps-communication-bien-e\u0302tre-animation-art-Bie\u0300vre-Isere-768x341.jpg 768w, https:\/\/lauredrevet-at.fr\/wp-content\/uploads\/2020\/12\/Page-Art-therapie-relation-parent-enfant-danse-contact-corps-communication-bien-e\u0302tre-animation-art-Bie\u0300vre-Isere-1536x683.jpg 1536w\" sizes=\"auto, (max-width: 1800px) 100vw, 1800px\" \/><div class=\"wp-block-cover__inner-container is-layout-flow wp-block-cover-is-layout-flow\">\n<h2 class=\"wp-block-heading has-text-align-center\">L&rsquo;art-th\u00e9rapie : un accompagnement th\u00e9rapeutique param\u00e9dical<\/h2>\n<\/div><\/div>\n\n\n\n<div class=\"wp-block-group\"><div class=\"wp-block-group__inner-container is-layout-flow wp-block-group-is-layout-flow\">\n<div class=\"wp-block-columns is-layout-flex wp-container-core-columns-is-layout-9d6595d7 wp-block-columns-is-layout-flex\">\n<div class=\"wp-block-column is-layout-flow wp-block-column-is-layout-flow\">\n<h4 class=\"wp-block-heading\">Qu&rsquo;est ce que l&rsquo;Art-th\u00e9rapie&nbsp;? <\/h4>\n\n\n\n<p>L&rsquo;Art-th\u00e9rapie que nous pratiquons est dite <a rel=\"noreferrer noopener\" href=\"http:\/\/art-therapie-tours.net\/definitions\/\" data-type=\"URL\" data-id=\"http:\/\/art-therapie-tours.net\/definitions\/\" target=\"_blank\">\u00ab&nbsp;Art-th\u00e9rapie moderne&nbsp;\u00bb<\/a>. <\/p>\n\n\n\n<p>Il s&rsquo;agit d&rsquo;un accompagnement th\u00e9rapeutique param\u00e9dical qui<strong> peut permettre de d\u00e9passer cette difficult\u00e9 ou souffrance, qu&rsquo;elle soit li\u00e9e \u00e0 une maladie, un handicap ou un moment de vie particulier\u2026<\/strong><\/p>\n\n\n\n<p><strong>Il n&rsquo;est pas n\u00e9cessaire d&rsquo;avoir d\u00e9j\u00e0 pratiqu\u00e9 une activit\u00e9 artistique pour b\u00e9n\u00e9ficier de s\u00e9ances d&rsquo;art-th\u00e9rapie<\/strong>.<br><br>Dans cette accompagnement, l&rsquo;Art-th\u00e9rapeute va <strong>consid\u00e9rer les capacit\u00e9s de la personne<\/strong>, et se servir de l&rsquo;Art comme processeur, dans un <strong>objectif de r\u00e9ajustement, de mieux-\u00eatre<\/strong>.<br>Un suivi en Art-th\u00e9rapie comporte un projet th\u00e9rapeutique et un projet esth\u00e9tique qui se concr\u00e9tise dans la pratique d&rsquo;une activit\u00e9 artistique durant la s\u00e9ance. Cette activit\u00e9 peut-\u00eatre contemplative ou active, et repos\u00e9e sur diff\u00e9rentes techniques artistiques (danse, arts graphiques, \u00e9coute musicale etc.) orient\u00e9es en fonction de l&rsquo;accompagnement individuel.<\/p>\n\n\n\n<p><br>L&rsquo;art-th\u00e9rapie ne se substitue pas \u00e0 un accompagnement m\u00e9dical, et agit en tant que soin compl\u00e9mentaire. L&rsquo;art-th\u00e9rapeute travaille autant que possible en lien avec les autres professionnels de la sant\u00e9 pour v\u00e9rifier toute contre-indication et assurer la coh\u00e9rence de la prise en soin de la personne concern\u00e9e. <\/p>\n<\/div>\n<\/div>\n<\/div><\/div>\n\n\n\n<div class=\"wp-block-group has-text-color has-background\" style=\"color:#666666;background-color:#f0ecf3\"><div class=\"wp-block-group__inner-container is-layout-flow wp-block-group-is-layout-flow\">\n<h3 class=\"wp-block-heading\">L&rsquo;Art-th\u00e9rapie, pour qui&nbsp;?<\/h3>\n\n\n\n<p><strong>L&rsquo;Art-th\u00e9rapie s&rsquo;adresse \u00e0 des personnes en situation de souffrance ou de difficult\u00e9s, en lien avec une maladie ou un moment de vie particulier.<\/strong><\/p>\n\n\n\n<p>L&rsquo;Art-th\u00e9rapie peut \u00eatre \u00eatre un accompagnement compl\u00e9mentaire pour&nbsp;:<\/p>\n\n\n\n<ul class=\"wp-block-list\">\n<li><strong>les personnes \u00e2g\u00e9es&nbsp;<\/strong>: dans le cadre de mal-\u00eatre individuels, de <a href=\"https:\/\/lauredrevet-at.fr\/?cat=4\" data-type=\"URL\" data-id=\"https:\/\/lauredrevet-at.fr\/?cat=4\">maladies d\u00e9g\u00e9n\u00e9ratives<\/a>, des relations aidants\/aid\u00e9s,<\/li>\n\n\n\n<li><strong>les personnes atteintes d&rsquo;une maladie<\/strong>, en phase curative ou <a href=\"https:\/\/lauredrevet-at.fr\/?p=87\" data-type=\"URL\" data-id=\"https:\/\/lauredrevet-at.fr\/?p=87\">palliative <\/a>(cancer, fibromyalgie, SLA, etc.), l&rsquo;Art-th\u00e9rapie peut-\u00eatre un soin de support pour accompagner les difficult\u00e9s li\u00e9e \u00e0 la perte d&rsquo;estime de soi (physique et\/ou psychique), la perception douloureuse, l&rsquo;anxi\u00e9t\u00e9, la perte d&rsquo;\u00e9lan vital, les difficult\u00e9s relationnelles\u2026<\/li>\n\n\n\n<li><strong>les personnes souffrant de d\u00e9pendance et\/ou de troubles du comportements<\/strong> : pour soutenir et renforcer l&rsquo;adh\u00e9sion aux soins, am\u00e9liorer la confiance en soi&#8230;<\/li>\n\n\n\n<li><strong>les adolescents<\/strong> dans le cadre de mal-\u00eatre (physique, et\/ou psychique), de comportements \u00e0 risques, d\u00e9crochages scolaires, difficult\u00e9s relationnelles\u2026<\/li>\n\n\n\n<li><strong>les enfants<\/strong> souffrant de troubles du comportement ou de trouble de l&rsquo;apprentissage, pour renforcer la confiance en soi, trouver des ressources par un accompagnement compl\u00e9mentaire&#8230;<\/li>\n<\/ul>\n<\/div><\/div>\n\n\n\n<p>Voir aussi les articles : \u00ab\u00a0<a href=\"https:\/\/lauredrevet-at.fr\/?cat=5\" data-type=\"URL\" data-id=\"https:\/\/lauredrevet-at.fr\/?cat=5\">En pratique<\/a>\u00ab\u00a0, \u00ab\u00a0<a href=\"https:\/\/lauredrevet-at.fr\/?cat=38\" data-type=\"URL\" data-id=\"https:\/\/lauredrevet-at.fr\/?cat=38\">animation<\/a>\u00ab\u00a0&#8230;<\/p>\n\n\n\n<blockquote class=\"wp-block-quote is-style-default is-layout-flow wp-block-quote-is-layout-flow\">\n<p><em>On ne doit pas davantage chercher \u00e0 gu\u00e9rir le corps sans chercher \u00e0 gu\u00e9rir l\u2019\u00e2me. <\/em><\/p>\n<cite><em>Platon<\/em><\/cite><\/blockquote>\n","protected":false},"excerpt":{"rendered":"<p>Qu&rsquo;est ce que l&rsquo;Art-th\u00e9rapie&nbsp;? L&rsquo;Art-th\u00e9rapie que nous pratiquons est dite \u00ab&nbsp;Art-th\u00e9rapie moderne&nbsp;\u00bb. Il s&rsquo;agit d&rsquo;un accompagnement th\u00e9rapeutique param\u00e9dical qui peut&#8230;<\/p>\n","protected":false},"author":1,"featured_media":0,"parent":0,"menu_order":0,"comment_status":"closed","ping_status":"closed","template":"","meta":{"footnotes":""},"class_list":["post-58","page","type-page","status-publish","hentry"],"jetpack_sharing_enabled":true,"_links":{"self":[{"href":"https:\/\/lauredrevet-at.fr\/index.php?rest_route=\/wp\/v2\/pages\/58","targetHints":{"allow":["GET"]}}],"collection":[{"href":"https:\/\/lauredrevet-at.fr\/index.php?rest_route=\/wp\/v2\/pages"}],"about":[{"href":"https:\/\/lauredrevet-at.fr\/index.php?rest_route=\/wp\/v2\/types\/page"}],"author":[{"embeddable":true,"href":"https:\/\/lauredrevet-at.fr\/index.php?rest_route=\/wp\/v2\/users\/1"}],"replies":[{"embeddable":true,"href":"https:\/\/lauredrevet-at.fr\/index.php?rest_route=%2Fwp%2Fv2%2Fcomments&post=58"}],"version-history":[{"count":52,"href":"https:\/\/lauredrevet-at.fr\/index.php?rest_route=\/wp\/v2\/pages\/58\/revisions"}],"predecessor-version":[{"id":1143,"href":"https:\/\/lauredrevet-at.fr\/index.php?rest_route=\/wp\/v2\/pages\/58\/revisions\/1143"}],"wp:attachment":[{"href":"https:\/\/lauredrevet-at.fr\/index.php?rest_route=%2Fwp%2Fv2%2Fmedia&parent=58"}],"curies":[{"name":"wp","href":"https:\/\/api.w.org\/{rel}","templated":true}]}}